alculate the remainder when 34327 is divided by 34316.
11
What is the remainder when 2194 is divided by 584?
442
What is the remainder when 7327 is divided by 319?
309
What is the remainder when 18079 is divided by 855?
124
Calculate the remainder when 40217 is divided by 5744.
9
What is the remainder when 8256 is divided by 434?
10
Calculate the remainder when 33920 is divided by 692.
12
What is the remainder when 109099 is divided by 109081?
18
What is the remainder when 4553 is divided by 568?
9
Calculate the remainder when 3828 is divided by 65.
58
What is the remainder when 23236 is divided by 298?
290
Calculate the remainder when 203 is divided by 17.
16
Calculate the remainder when 24122 is divided by 4011.
56
Calculate the remainder when 26500 is divided by 17.
14
What is the remainder when 7896 is divided by 5?
1
What is the remainder when 2050633 is divided by 374?
365
Calculate the remainder when 18771 is divided by 6250.
21
Calculate the remainder when 213569 is divided by 33.
26
What is the remainder when 519937 is divided by 25?
12
Calculate the remainder when 22096 is divided by 669.
19
Calculate the remainder when 1581 is divided by 45.
6
Calculate the remainder when 329839 is divided by 14.
13
Calculate the remainder when 1066370 is divided by 173.
171
What is the remainder when 206581 is divided by 566?
557
Calculate the remainder when 144277 is divided by 48080.
37
What is the remainder when 79594 is divided by 201?
199
Calculate the remainder when 461507 is divided by 239.
237
What is the remainder when 284280 is divided by 11?
7
What is the remainder when 7865 is divided by 154?
11
What is the remainder when 2606 is divided by 435?
431
What is the remainder when 15555 is divided by 86?
75
Calculate the remainder when 406 is divided by 20.
6
Calculate the remainder when 130608 is divided by 16325.
8
Calculate the remainder when 19840 is divided by 6586.
82
Calculate the remainder when 6960 is divided by 59.
57
What is the remainder when 134517 is divided by 199?
192
What is the remainder when 21544 is divided by 266?
264
Calculate the remainder when 737 is divided by 157.
109
What is the remainder when 1314 is divided by 421?
51
What is the remainder when 195137 is divided by 13937?
19
What is the remainder when 45675 is divided by 7609?
21
What is the remainder when 331 is divided by 171?
160
Calculate the remainder when 483970 is divided by 133.
116
What is the remainder when 11648 is divided by 2912?
0
Calculate the remainder when 2145 is divided by 118.
21
What is the remainder when 189951 is divided by 371?
370
What is the remainder when 7240 is divided by 11?
2
Calculate the remainder when 525829 is divided by 4.
1
What is the remainder when 4473 is divided by 1029?
357
What is the remainder when 4328 is divided by 1428?
44
Calculate the remainder when 122794 is divided by 136.
122
Calculate the remainder when 10822 is divided by 529.
242
Calculate the remainder when 93731 is divided by 16.
3
Calculate the remainder when 12456 is divided by 98.
10
What is the remainder when 57436 is divided by 6381?
7
What is the remainder when 50533 is divided by 32?
5
Calculate the remainder when 41299 is divided by 122.
63
What is the remainder when 310204 is divided by 114?
10
What is the remainder when 132481 is divided by 686?
83
What is the remainder when 200531 is divided by 461?
457
Calculate the remainder when 149592 is divided by 1100.
1092
What is the remainder when 138460 is divided by 7691?
22
Calculate the remainder when 25315 is divided by 5062.
5
What is the remainder when 164 is divided by 82?
0
Calculate the remainder when 108068 is divided by 342.
338
What is the remainder when 27090 is divided by 46?
42
What is the remainder when 136609 is divided by 27?
16
What is the remainder when 11656 is divided by 5795?
66
What is the remainder when 454703 is divided by 44?
7
Calculate the remainder when 26036 is divided by 57.
44
Calculate the remainder when 715012 is divided by 3192.
4
Calculate the remainder when 54286 is divided by 292.
266
What is the remainder when 15528 is divided by 59?
11
Calculate the remainder when 14951 is divided by 2482.
59
What is the remainder when 3607479 is divided by 85?
79
What is the remainder when 147548 is divided by 107?
102
Calculate the remainder when 7993 is divided by 145.
18
Calculate the remainder when 2137 is divided by 51.
46
What is the remainder when 105322 is divided by 1620?
22
What is the remainder when 3388 is divided by 254?
86
What is the remainder when 17569 is divided by 2506?
27
What is the remainder when 39327 is divided by 9683?
595
Calculate the remainder when 5877 is divided by 4813.
1064
Calculate the remainder when 317063 is divided by 130.
123
Calculate the remainder when 121255 is divided by 854.
841
What is the remainder when 3472 is divided by 350?
322
Calculate the remainder when 4174 is divided by 27.
16
What is the remainder when 74093 is divided by 36?
5
What is the remainder when 116719 is divided by 75?
19
Calculate the remainder when 23022 is divided by 164.
62
What is the remainder when 57910 is divided by 114?
112
What is the remainder when 1775 is divided by 127?
124
What is the remainder when 301796 is divided by 5389?
12
What is the remainder when 25638 is divided by 333?
330
What is the remainder when 2825 is divided by 535?
150
Calculate the remainder when 1632 is divided by 588.
456
What is the remainder when 487188 is divided by 203?
191
What is the remainder when 67654 is divided by 210?
34
What is the remainder when 4292 is divided by 401?
282
Calculate the remainder when 4116 is divided by 4072.
44
What is the remainder when 3057 is divided by 117?
15
What is the remainder when 20500 is divided by 19?
18
What is the remainder when 57763 is divided by 23?
10
Calculate the remainder when 373501 is divided by 21.
16
Calculate the remainder when 5193 is divided by 741.
6
Calculate the remainder when 3702 is divided by 1841.
20
Calculate the remainder when 7992 is divided by 3995.
2
Calculate the remainder when 7787 is divided by 771.
77
Calculate the remainder when 724 is divided by 235.
19
What is the remainder when 2034 is divided by 307?
192
What is the remainder when 297566 is divided by 13?
9
What is the remainder when 64931 is divided by 116?
87
What is the remainder when 999315 is divided by 11?
9
What is the remainder when 42201 is divided by 1834?
19
Calculate the remainder when 2693 is divided by 55.
53
Calculate the remainder when 17224 is divided by 453.
10
What is the remainder when 1902 is divided by 268?
26
Calculate the remainder when 15279 is divided by 62.
27
What is the remainder when 5405 is divided by 314?
67
Calculate the remainder when 4677 is divided by 235.
212
What is the remainder when 26549 is divided by 84?
5
Calculate the remainder when 26781 is divided by 276.
9
What is the remainder when 316030 is divided by 95?
60
What is the remainder when 14139 is divided by 2353?
21
Calculate the remainder when 156435 is divided by 437.
426
What is the remainder when 5416702 is divided by 12?
10
What is the remainder when 2481 is divided by 309?
9
What is the remainder when 5501 is divided by 1633?
602
What is the remainder when 2150 is divided by 2146?
4
Calculate the remainder when 93149 is divided by 46.
45
What is the remainder when 5315 is divided by 814?
431
Calculate the remainder when 16853 is divided by 147.
95
What is the remainder when 24947 is divided by 531?
521
Calculate the remainder when 3315 is divided by 80.
35
What is the remainder when 6681 is divided by 290?
11
Calculate the remainder when 46855 is divided by 1561.
25
What is the remainder when 10585 is divided by 424?
409
Calculate the remainder when 5469202 is divided by 39.
37
Calculate the remainder when 2639 is divided by 636.
95
What is the remainder when 74234 is divided by 16?
10
Calculate the remainder when 16097 is divided by 301.
144
Calculate the remainder when 10018 is divided by 9944.
74
What is the remainder when 49684 is divided by 263?
240
What is the remainder when 18343 is divided by 8?
7
What is the remainder when 249181 is divided by 297?
295
Calculate the remainder when 10950 is divided by 3650.
0
Calculate the remainder when